tiple of 47?
False
Is 66385 a multiple of 22?
False
Does 57 divide 1257?
False
Is 4400 a multiple of 16?
True
Does 20 divide 10312?
False
Is 9 a factor of 13680?
True
Is 112824 a multiple of 32?
False
Does 11 divide 17?
False
Does 4 divide 11433?
False
Does 52 divide 1504?
False
Does 40 divide 1560?
True
Is 10 a factor of 27040?
True
Is 26 a factor of 7436?
True
Is 82 a factor of 20500?
True
Is 91 a multiple of 36?
False
Does 24 divide 168?
True
Is 133168 a multiple of 41?
True
Is 39577 a multiple of 64?
False
Does 3 divide 66?
True
Is 15000 a multiple of 12?
True
Does 196 divide 3217?
False
Is 3081 a multiple of 10?
False
Is 100146 a multiple of 62?
False
Is 9 a factor of 2648?
False
Is 3040 a multiple of 8?
True
Is 440 a multiple of 11?
True
Is 540 a multiple of 90?
True
Is 51 a factor of 644?
False
Does 29 divide 2829?
False
Is 966 a multiple of 23?
True
Is 3315 a multiple of 15?
True
Does 13 divide 1293?
False
Is 5158 a multiple of 5?
False
Does 16 divide 2200?
False
Is 34 a factor of 33393?
False
Does 7 divide 2788?
False
Does 151 divide 21549?
False
Is 476 a multiple of 5?
False
Is 32274 a multiple of 11?
True
Is 40 a factor of 8537?
False
Is 47 even?
False
Is 1791 a multiple of 13?
False
Is 64 a factor of 16316?
False
Is 3944 a multiple of 17?
True
Is 18480 a multiple of 165?
True
Is 504 a multiple of 36?
True
Is 18 a factor of 2826?
True
Is 3765 a multiple of 22?
False
Is 14 a factor of 616?
True
Is 8 a factor of 140?
False
Is 5 a factor of 8734?
False
Is 397 even?
False
Is 3 a factor of 1248?
True
Does 43 divide 301?
True
Does 62 divide 1431?
False
Is 52494 a multiple of 6?
True
Is 2027 a multiple of 33?
False
Is 398 a multiple of 9?
False
Does 13 divide 3236?
False
Is 1678 a multiple of 35?
False
Does 42 divide 31290?
True
Is 7 a factor of 26090?
False
Is 3948 a multiple of 21?
True
Is 45 a factor of 4684?
False
Does 98 divide 40542?
False
Does 11 divide 2530?
True
Is 1993 a multiple of 5?
False
Is 82 a factor of 95358?
False
Is 13 a factor of 103453?
False
Is 8 a factor of 1696?
True
Is 11994 a multiple of 25?
False
Is 19 a factor of 17993?
True
Does 11 divide 15729?
False
Is 52 a factor of 3692?
True
Does 7 divide 981?
False
Is 15 a factor of 216?
False
Is 416 a multiple of 26?
True
Does 27 divide 1161?
True
Is 2471 a multiple of 81?
False
Is 25 even?
False
Is 3 a factor of 23?
False
Does 4 divide 454?
False
Is 47808 a multiple of 48?
True
Is 44 a factor of 792?
True
Does 4 divide 20?
True
Is 77 a multiple of 23?
False
Does 20 divide 674?
False
Is 963 a multiple of 9?
True
Is 137 a factor of 36983?
False
Is 1735 a multiple of 6?
False
Is 372 a multiple of 5?
False
Does 175 divide 14350?
True
Is 8 a factor of 409?
False
Does 4 divide 41?
False
Is 55 a factor of 2846?
False
Does 5 divide 105?
True
Is 16 a factor of 7892?
False
Is 4059 a multiple of 11?
True
Does 123 divide 12300?
True
Is 254 a factor of 10320?
False
Is 135044 a multiple of 42?
False
Does 9 divide 532?
False
Is 9953 a multiple of 58?
False
Is 1067 a multiple of 24?
False
Does 23 divide 2057?
False
Is 26 a factor of 312?
True
Is 4 a factor of 463?
False
Is 12 a factor of 31182?
False
Is 5208 a multiple of 168?
True
Is 54 a factor of 1978?
False
Is 7 a factor of 49?
True
Does 86 divide 818?
False
Does 4 divide 3952?
True
Is 1302 a multiple of 42?
True
Does 38 divide 798?
True
Is 577 a multiple of 36?
False
Does 7 divide 623?
True
Is 3318 a multiple of 42?
True
Does 30 divide 3598?
False
Is 1364 a multiple of 11?
True
Is 2434 a multiple of 79?
False
Is 9 a factor of 189?
True
Is 15 a factor of 1650?
True
Is 38 a factor of 304?
True
Is 39908 a multiple of 114?
False
Is 109 a multiple of 40?
False
Is 44 a factor of 21806?
False
Is 4 a factor of 486?
False
Does 13 divide 414?
False
Is 79 a factor of 4019?
False
Does 285 divide 34644?
False
Is 16583 a multiple of 15?
False
Is 169 a multiple of 3?
False
Is 951 a multiple of 37?
False
Is 5 a factor of 1615?
True
Is 38 a factor of 2850?
True
Is 4 a factor of 3154?
False
Is 3197 a multiple of 13?
False
Is 396 a multiple of 18?
True
Is 26 a factor of 286?
True
Is 6794 a multiple of 86?
True
Is 12256 a multiple of 4?
True
Does 57 divide 58311?
True
Is 2235 a multiple of 17?
False
Does 56 divide 29892?
False
Is 16 a factor of 768?
True
Is 1379 a multiple of 87?
False
Is 22 a factor of 1760?
True
Does 60 divide 27265?
False
Does 18 divide 1602?
True
Is 1084 a multiple of 25?
False
Is 44 a factor of 1260?
False
Does 12 divide 1800?
True
Does 44 divide 1320?
True
Does 99 divide 8968?
False
Is 118 a factor of 5290?
False
Does 112 divide 4480?
True
Does 15 divide 3847?
False
Is 27 a factor of 10600?
False
Is 13 a factor of 41?
False
Does 249 divide 71463?
True
Is 3 a factor of 75?
True
Is 52 a factor of 1352?
True
Does 22 divide 32034?
False
Does 11 divide 2169?
False
Is 53857 a multiple of 158?
False
Is 59 a factor of 940?
False
Is 652 a multiple of 16?
False
Is 30976 a multiple of 242?
True
Is 20 a factor of 5420?
True
Does 30 divide 10290?
True
Is 29 a factor of 2886?
False
Is 27 a factor of 29006?
False
Does 18 divide 126?
True
Is 11 a factor of 1448?
False
Is 2118 a multiple of 14?
False
Is 2 a factor of 443?
False
Is 194718 a multiple of 17?
True
Does 3 divide 1364?
False
Is 4004 a multiple of 52?
True
Does 61 divide 28799?
False
Is 67140 a multiple of 373?
True
Does 14 divide 560?
True
Does 56 divide 1960?
True
Does 74 divide 25269?
False
Does 2 divide 1037?
False
Is 34 a factor of 3060?
True
Is 875 a multiple of 35?
True
Does 14 divide 96674?
False
Does 45 divide 3366?
False
Does 26 divide 465?
False
Is 5502 a multiple of 21?
True
Is 287 a multiple of 7?
True
Does 106 divide 2332?
True
Is 56 a multiple of 7?
True
Does 238 divide 42840?
True
Is 2580 a multiple of 12?
True
Is 19 a factor of 4408?
True
Is 22290 a multiple of 10?
True
Is 777 a multiple of 3?
True
Is 24450 a multiple of 163?
True
Is 130 a factor of 9508?
False
Is 481 a multiple of 59?
False
Is 47 a factor of 1670?
False
Is 13 a factor of 4069?
True
Is 2 a factor of 52?
True
Is 20528 a multiple of 174?
False
Does 14 divide 92?
False
Does 104 divide 2815?
False
Is 17430 a multiple of 17?
False
Does 349 divide 120173?
False
Is 4519 a multiple of 217?
False
Does 27 divide 891?
True
Is 84 a factor of 5113?
False
Is 618 a multiple of 5?
False
Does 20 divide 2060?
True
Is 9 a factor of 495?
True
Is 5 a factor of 641?
False
Is 30 a multiple of 15?
True
Does 22 divide 1501?
False
Is 7759 a multiple of 62?
False
Is 1032 a multiple of 24?
True
Does 27 divide 891?
True
Does 17 divide 2295?
True
Is 128 a factor of 3968?
True
Is 8 a factor of 4232?
True
Is 27 a factor of 276?
False
Is 918 a multiple of 18?
True
Is 48 a factor of 1380?
False
Is 2266 a multiple of 109?
False
Is 39131 a multiple of 8?
False
Does 9 divide 563?
False
Does 44 divide 484?
True
Does 96 divide 3140?
False
Is 12 a factor of 9744?
True
Is 735 a multiple of 35?
True
Is 620 a multiple of 44?
False
Is 19 a factor of 70376?
True
Is 592 a multiple of 8?
True
Is 3982 a multiple of 15?
False
Is 66 a factor of 697?
False
Does 69 divide 4775?
False
Is 171 a factor of 47367?
True
Is 910 a multiple of 115?
False
Does 88 divide 29427?
False
Is 36 a factor of 1118?
False
Is 250 a multiple of 125?
True
Is 13 a factor of 72033?
True
Is 5424 a multiple of 16?
True
Is 12787 even?
False
Is 16 a factor of 35376?
True
Is 94014 a multiple of 198?
False
Does 17 divide 2139?
False
Is 21240 a multiple of 18?
True
Is 17208 a multiple of 7?
False
Is 209 a multiple of 11?
True
Does 31 divide 9372?
False
Is 20 a factor of 1200?
True
Is 79 a factor of 3081?
True
Does 44 divide 1743?
False
Is 498 a multiple of 85?
False
Is 19 a factor of 25478?
False
Is 4060 a multiple of 58?
True
Is 968 a multiple of 3?
False
Does 33 divide 693?
True
Is 69 a factor of 2289?
False
Is 363 a multiple of 11?
True
Does 19 divide 3453?
False
Is 12100 a multiple of 10?
True
Does 6 divide 1504?
False
Is 275 a multiple of 42?
False
Is 727 a multiple of 12?
False
Is 39 a factor of 9477?
True
Is 677 a multiple of 18?
False
Is 1080 a multiple of 4?
True
Is 6 a factor of 456?
True
Does 63 divide 18333?
True
Does 53 divide 1908?
True
Is 4208 a multiple of 8?
True
Does 11 divide 65736?
True
Is 9724 a multiple of 143?
True
Does 50 divide 741?
False
Does 29 divide 